pose 5*j + 3 - b = 0. What is the remainder when j is divided by 5?
3
Let u = -26 + 45. Calculate the remainder when 52 is divided by u.
14
Suppose 0*u = 4*s + 4*u - 340, -5*s = u - 417. What is the remainder when s is divided by 21?
20
What is the remainder when 67/((1/1)/1) is divided by 18?
13
Let q = -2 + 5. Suppose -15 = -q*s - 9. Suppose -o = -r - 2 + 3, -2*o + 2 = 2*r. What is the remainder when s is divided by r?
0
Let l(p) = -p**3 + 8*p**2 + 11*p + 3. Let g = 23 - 14. Calculate the remainder when l(g) is divided by -1*(-12 - -1*1).
10
Let f be (-54)/(-12)*1*2. Let z = f + -1. Calculate the remainder when 22 is divided by z.
6
Suppose -2*f + 8 = -0*f. Calculate the remainder when 10 is divided by f.
2
What is the remainder when (-4 + -28)/(-1) - -2 is divided by 12?
10
Suppose 3*x - 3*m - 45 = 30, 2*m = 5*x - 134. Suppose 2*u = 3*u - 5*i - 24, -u + 32 = 3*i. Let f = u - 14. Calculate the remainder when x is divided by f.
13
Let j(r) be the third derivative of -r**4/12 - r**3 + 2*r**2. Suppose 0 = 5*w - 5*h - 30, w + 3 + 7 = -3*h. What is the remainder when j(-4) is divided by w?
0
What is the remainder when 14 is divided by (-42)/(-8) + (-5)/20?
4
Let k(l) = 7*l**2 - 4*l + 2. Let a(i) = -i**2. Let x(w) = -6*a(w) - k(w). Let v be x(3). What is the remainder when -3 - -14 - 0/v is divided by 6?
5
Let a(d) be the second derivative of d**4/12 + d**3/6 + 2*d. Calculate the remainder when 5 is divided by a(-2).
1
Let q(m) = 2*m - 1. What is the remainder when q(7) is divided by 7?
6
Let q(d) = -799*d + 102. Let o(p) = 39*p - 5. Let g(s) = 102*o(s) + 5*q(s). What is the remainder when g(-2) is divided by 9?
7
Let a be 658/4 - 18/12. Suppose -51 = d - 2*d + 4*v, 0 = 5*d + 3*v - a. Calculate the remainder when d is divided by 18.
17
Suppose 9 + 4 = k - 5*l, 4*k - 5*l = 37. Let m = -3 + 8. Calculate the remainder when k is divided by m.
3
Let o = -4 + 6. Suppose -2*r - 1 = -11. Suppose 0 = 3*u + 9, y + 2*u = -r - 0. Calculate the remainder when o is divided by y.
0
Suppose -4*z - 4*w = -2*w - 58, 4*z = 5*w + 23. What is the remainder when (-113 - -8)*(-1)/3 is divided by z?
11
Suppose 2*f + 53 = b, 0*b + 147 = 3*b - 3*f. Suppose 0 = -4*k - 6*q + 3*q + 71, -3*k - 5*q + b = 0. What is the remainder when k is divided by 7?
6
Let i be 2/3 + (-16)/(-12). Suppose 12 = m + i*m. Let f(r) = -r**3 - r**2 + r - 4. Calculate the remainder when f(-3) is divided by m.
3
Let s(a) = -a + 46. Calculate the remainder when s(0) is divided by 24.
22
Let y(j) = -j**3 - 8*j**2 + j + 12. Let u be y(-8). Suppose -3*l = u*x - 35 - 128, -5*l - 49 = -2*x. What is the remainder when x is divided by 13?
11
Let k = -78 - -177. Calculate the remainder when k is divided by 17.
14
Let b(a) = 3*a + 19. Let i(w) = 3*w + 18. Let l(n) = -5*b(n) + 6*i(n). What is the remainder when l(5) is divided by 16?
12
Suppose b + 11 = 82. Calculate the remainder when b is divided by 15.
11
Let a(i) = i**2 + 6*i - 4. Let n be a(-6). Let c(z) = z**3 + 8*z**2 - 2*z - 5. Calculate the remainder when c(n) is divided by 23.
21
Let q(h) = 2*h - 3. What is the remainder when -2 - ((-2)/(-11) - (-784)/(-77)) is divided by q(3)?
2
Suppose -2*w - 4 = b, 3*w + 5*b = w - 20. Let g(q) = q**2 + q + 6. What is the remainder when 22 is divided by g(w)?
4
Let u be 9/6*(-46)/(-3). Let k = 33 - u. Let j = 18 - 14. What is the remainder when k is divided by j?
2
Suppose 0 = -5*m - 4*o + 132, 1 = 5*m - o - 116. What is the remainder when 94 is divided by m?
22
Suppose -b + 1 - 2 = 0. Calculate the remainder when b/(-3 - 249/(-84)) is divided by 10.
8
Let d be 4/(-10) + (-26)/10. What is the remainder when (66/(-9))/(1/d) is divided by 195/30 - (-3)/(-6)?
4
Let d be (-207)/(-12) - 2/8. Let k = -6 + d. What is the remainder when 31 is divided by k?
9
Suppose -3*g + 14 = -19. Calculate the remainder when g is divided by 4.
3
Let f = 41 + -37. Calculate the remainder when 10 is divided by f.
2
Suppose -x - 3*a = 0, -2*x + 3*a + 3 + 6 = 0. Let h(g) be the second derivative of -g**3/6 + 2*g**2 - 5*g. Calculate the remainder when 1 is divided by h(x).
0
Let g = 7 - 4. Let z(x) = -11*x**2 + 4*x**2 - x**g + 5*x - 11 + 0*x**3. What is the remainder when 25 is divided by z(-8)?
12
Let j be 1/((6 - 3)/(-267)). Let c = -62 - j. Calculate the remainder when c is divided by (-206)/(-14) + 4/14.
12
Calculate the remainder when 32 is divided by (-2)/(3 + -7)*22.
10
Let m = 5 + 0. Suppose -50 = 2*p + 2*s, 2*s - 3 = 2*p + 31. Let g = 29 + p. What is the remainder when g is divided by m?
3
Let o(l) = -10*l**3 + l**2 + l + 1. Let d(m) = -29*m**2 - 2*m + 1. Let b be d(1). Let x = -10 - b. Calculate the remainder when x is divided by o(-1).
9
Suppose 5*j + 0*j - 30 = 0. Let q = 5 - 0. Let i(a) = 2*a + 7. What is the remainder when i(q) is divided by j?
5
Let j be 3/6 + (-7)/(-2). Suppose j*i - 154 - 18 = 0. What is the remainder when i is divided by 11?
10
Let p(i) = 2*i**2 + 2*i - 4. Suppose 0 = 4*h + 3*m - 73, -6*h - m = -11*h + 115. What is the remainder when h is divided by p(-3)?
6
Let u(v) = -v**3 - 1. Calculate the remainder when 17 is divided by u(-2).
3
Suppose -13*u + 105 = -8*u - 5*z, 4*z = 2*u - 34. Calculate the remainder when 97 is divided by u.
22
Calculate the remainder when (47/2)/(2 - (-9)/(-6)) is divided by 12.
11
Let i(q) = -q**3 + 2*q + 1. What is the remainder when (1 - (1 + 1))*-1 is divided by i(0)?
0
Let l be (-148 + -8)/((-3)/2). Suppose l - 32 = 4*f. Let c(i) = 53*i**2. What is the remainder when c(-1) is divided by f?
17
Let c = -3 - -7. Let k be (-1)/(-2) + 14/c. Suppose 4*m + 3 = 3*m, -k*g - m = -149. What is the remainder when g is divided by 13?
12
Suppose 12*f + 16 = 16*f. Suppose 0*i = -i - 3*s + 21, 4*i + 1 = 5*s. What is the remainder when i is divided by f?
2
Let r(v) = 14*v - 1. Let m(x) = 26*x**2 + 2*x + 1. What is the remainder when r(7) is divided by m(-1)?
22
Let a(v) = 2*v**2 - 54*v + 149. Suppose 0 = 4*n + 2 - 34. What is the remainder when n is divided by a(3)?
3
Let j = 52 - 48. Let n(v) = -v**2 + 5*v + 1. Let r be 0/(0 - 2) + 3. What is the remainder when n(r) is divided by j?
3
What is the remainder when 36 is divided by ((-6)/(-1))/((-2)/((-60)/9))?
16
Let d(x) = x + 5. Let o be d(-9). Calculate the remainder when 56 - 2*2/o is divided by 15.
12
Suppose -k = -6*k - 5. Let w(r) = 83*r**2 + 2*r + 1. What is the remainder when w(k) is divided by 14?
12
Suppose -d = -2*d + 4, 5*p - 3*d = -12. Let i be 2/(-4) - (-22)/4. Suppose 3*u - i*u + 14 = p. What is the remainder when 19 is divided by u?
5
Suppose 5 = g + 4. Let l(f) = 7*f**3 - f. Calculate the remainder when 23 is divided by l(g).
5
Let g(h) be the second derivative of -h**3/2 - 3*h**2/2 - 2*h. Let d be ((-77)/44)/((-1)/(-4)). Calculate the remainder when g(d) is divided by 10.
8
Let l = 8 + -4. What is the remainder when 13 is divided by l?
1
Let h(v) = 5*v**3 - 2*v**2 - v. Suppose -t + 24 = 2*t. Calculate the remainder when h(2) is divided by t.
6
Let p(u) = u**3 + 13*u**2 - 8*u - 7. Suppose -8 = 3*s + 31. Calculate the remainder when p(s) is divided by 25.
22
Suppose -u - 4*z + 0*z + 3 = 0, -2*z + 12 = 4*u. Suppose -f + u*f - 74 = 0. Calculate the remainder when f is divided by 13.
11
Let l(z) = -17*z - 6. Calculate the remainder when l(-7) is divided by 23.
21
Let t = 1 - -18. Calculate the remainder when -1*(-2)/(-3)*-111 is divided by t.
17
What is the remainder when 23 is divided by ((-72)/27)/(2/(-6))?
7
Suppose -3*o = 2*o - 690. What is the remainder when o is divided by 28?
26
Let f(u) be the second derivative of u**4/12 + 2*u**3/3 + u**2 + 2*u. Let c be f(-3). Calculate the remainder when 7 is divided by ((-12)/16)/(c/4).
1
Suppose -3*q - 97 = -244. Calculate the remainder when q is divided by 10.
9
Let x = 75 + -45. Suppose 3*y - 10 = 3*o + 26, 5*o + 5 = 0. What is the remainder when x is divided by y?
8
Suppose -3*u + 6 + 0 = 0, -2*c - 3*u = -12. Calculate the remainder when 6 is divided by c.
0
Suppose 25 = -5*q, 4*i + 4*q - 5*q = -75. Let p = 37 + i. What is the remainder when p is divided by 6?
5
Let s(v) = 56*v**3 - v**2 + v - 1. What is the remainder when s(1) is divided by 19?
17
Let b(v) = -3*v + 2. Suppose -5*h = -h + 16. Calculate the remainder when 41 is divided by b(h).
13
Let k(l) = 2*l**2 - 1. Let y be k(2